2323 + -190?
-24b3
In base 9, what is 3 + -3081?
-3077
In base 10, what is -1403 - 16?
-1419
In base 12, what is -7 - -1130a?
11303
In base 15, what is -30 - 31dc0?
-31e00
In base 15, what is 52 - c1?
-6e
In base 16, what is -2 - -10e07?
10e05
In base 14, what is -82 - -23b4?
2332
In base 10, what is 0 - 340822?
-340822
In base 11, what is -74 + 18?
-57
In base 9, what is 2800623 + 3?
2800626
In base 5, what is 30 - -114112?
114142
In base 13, what is 2494 + -8?
2489
In base 9, what is 275 + -42?
233
In base 14, what is 26 - -20b58?
20b80
In base 3, what is -1001021101 - 102?
-1001021210
In base 10, what is -115 + -35483?
-35598
In base 6, what is 2 - -13512130?
13512132
In base 3, what is 1212120122 + 11?
1212120210
In base 14, what is 167 + -80b?
-684
In base 9, what is 6 + 832224?
832231
In base 13, what is 12 - -43a8?
43ba
In base 5, what is 12203244 + 11?
12203310
In base 10, what is 6792 - -9?
6801
In base 13, what is 0 + 64b15?
64b15
In base 6, what is -140 - 1043?
-1223
In base 7, what is -213560 + -3?
-213563
In base 10, what is 10133 - 1?
10132
In base 6, what is -4310221 - 0?
-4310221
In base 6, what is 234 - -1134?
1412
In base 14, what is 114ab + -2d?
1147c
In base 12, what is -16 - 7a16?
-7a30
In base 12, what is -41 + a164?
a123
In base 13, what is 2162a - -2?
2162c
In base 12, what is 4 + 3069a?
306a2
In base 11, what is 2 + 250439?
250440
In base 16, what is -139 - 2d?
-166
In base 3, what is -1000 - -1222000?
1221000
In base 14, what is -2a58c + -1?
-2a58d
In base 7, what is -3 + -2122551?
-2122554
In base 2, what is 1001000000001100001 + -111?
1001000000001011010
In base 12, what is -4 + 3888a8?
3888a4
In base 16, what is d5 + -ba?
1b
In base 11, what is 1528 - -19?
1546
In base 2, what is 10011000 + 100010110011010?
100011000110010
In base 3, what is 1010201111022 - 10?
1010201111012
In base 13, what is -146 + 294?
14b
In base 12, what is -183 + 2a9?
126
In base 8, what is -202 + 0?
-202
In base 2, what is 110111 - 11100010?
-10101011
In base 9, what is -43851 - -56?
-43784
In base 8, what is -3 + 1404042?
1404037
In base 8, what is -4414 + -315?
-4731
In base 10, what is 326 - 1388?
-1062
In base 16, what is -3 + 24742?
2473f
In base 10, what is -1224 + -7?
-1231
In base 6, what is -212542 - -142?
-212400
In base 15, what is -3c5 - e?
-3d4
In base 4, what is -131 - 130033?
-130230
In base 10, what is -2 - 48039?
-48041
In base 15, what is -5823e - -1?
-5823d
In base 12, what is -1 + -26549?
-2654a
In base 11, what is 67210 - -28?
67238
In base 10, what is 6988 - -7?
6995
In base 4, what is -13123302203 - 10?
-13123302213
In base 2, what is -11 + -1111010101001110?
-1111010101010001
In base 2, what is 11011000011000 + -10011?
11011000000101
In base 3, what is -2 - 1222020022?
-1222020101
In base 6, what is -3240544 + 5?
-3240535
In base 9, what is -1 + -414?
-415
In base 12, what is -26907 + 10?
-268b7
In base 2, what is -1011100010001110 + -101?
-1011100010010011
In base 8, what is -2 - 42335?
-42337
In base 13, what is 32b37 + -1b?
32b19
In base 4, what is -2 - 21001120?
-21001122
In base 7, what is -6623613 - 2?
-6623615
In base 4, what is 3320011 + -202?
3313203
In base 11, what is 10214 - 8?
10207
In base 11, what is -78a + 740?
-4a
In base 15, what is 4904 + -5?
48ee
In base 5, what is 1233 + 3023?
4311
In base 15, what is -c - c8cc?
-c8d9
In base 12, what is 29a82 - -3?
29a85
In base 6, what is -13151 + -121?
-13312
In base 13, what is 10 - -1568?
1578
In base 5, what is 4 - -244000210?
244000214
In base 10, what is 28 + 718?
746
In base 10, what is 2116 + -167?
1949
In base 14, what is 15734 + 0?
15734
In base 4, what is -3 + -2020203101?
-2020203110
In base 14, what is 4 + -19a1?
-199b
In base 15, what is 2ab0c + 1?
2ab0d
In base 10, what is -318 - 2247?
-2565
In base 7, what is 3150 - 30?
3120
In base 15, what is -4 + 7542?
753d
In base 15, what is b83 + cc?
c60
In base 12, what is -8 + 19153?
19147
In base 12, what is -3 - -11567?
11564
In base 6, what is -1203 + -34455?
-40102
In base 5, what is 1412 - 34103?
-32141
In base 15, what is 2 - 10545?
-10543
In base 4, what is 202231131 - 3?
202231122
In base 14, what is -21095 - 2?
-21097
In base 16, what is -5 - b52?
-b57
In base 5, what is -110 + 132032?
131422
In base 3, what is 101101110 + -2?
101101101
In base 14, what is -7 - 1b8c?
-1b95
In base 4, what is 221 + 20101133?
20102020
In base 11, what is -2a14 - 1?
-2a15
In base 14, what is d0 - 84b?
-75b
In base 13, what is 1 - -505a?
505b
In base 12, what is 8 - -18532?
1853a
In base 2, what is -10010 + 1100111010011?
1100111000001
In base 3, what is 11 - 20012222010?
-20012221222
In base 8, what is -3442611 + 3?
-3442606
In base 7, what is -4 - 2305051?
-2305055
In base 10, what is 187 - -1875?
2062
In base 13, what is 3c + ba69?
baa8
In base 15, what is 19e4 + 3?
19e7
In base 11, what is -14 - 13930?
-13944
In base 13, what is -480 - 92?
-542
In base 7, what is 211015 + 2?
211020
In base 7, what is -350 + 1654?
1304
In base 4, what is -23 + -123120331?
-123121020
In base 7, what is -1051551 + -1?
-1051552
In base 13, what is 88 + -494?
-409
In base 3, what is 12002102 - -122201?
12202010
In base 14, what is -b - 716?
-723
In base 8, what is -126106 + 5?
-126101
In base 7, what is -35202 - 1?
-35203
In base 2, what is 11110000 - -10011011000?
10111001000
In base 8, what is -1 - -12776?
12775
In base 2, what is 10110001 - 10000010101?
-1101100100
In base 5, what is 4 + 1334?
1343
In base 3, what is 11022002 - -12220?
11111222
In base 5, what is -1441102 - -10?
-1441042
In base 9, what is -3010 - 74?
-3084
In base 7, what is 4 + 60156?
60163
In base 6, what is -1 + 540224?
540223
In base 5, what is 33032222 - 0?
33032222
In base 15, what is 3a - -1409?
1444
In base 13, what is -1a + -162a9?
-162c6
In base 2, what is 110000011011011111 + -1010?
110000011011010101
In base 6, what is -12243 - -215?
-12024
In base 5, what is -21401320 - 10?
-21401330
In base 3, what is 11221120 - -20?
11221210
In base 13, what is 78 - -31?
a9
In base 8, what is 31525 + -41?
31464
In base 10, what is -95 + -237?
-332
In base 8, what is -1200 + 550?
-430
In base 12, what is 4 + -11b468?
-11b464
In base 13, what is 2015 + 254?
2269
In base 16, what is -25baf + 7?
-25ba8
In base 8, what is -3 - -37112?
37107
In base 16, what is -51 - 141?
-192
In base 3, what is 112 - -100011011?
100011200
In base 8, what is -1544047 + -2?
-1544051
In base 7, what is -1104 + -545?
-1652
In base 7, what is -130646 + -6?
-130655
In base 6, what is 13 + -100510?
-100453
In base 10, what is -3 + -10924?
-10927
In base 9, what is -10228578 - -2?
-10228576
In base 5, what is -1440342 + 3?
-1440334
In base 16, what is -3b9 - -3?
-3b6
In base 11, what is -1440 + -696?
-2026
In base 2, what is -10 - -1000011010101?
1000011010011
In base 12, what is -5 - 3b41?
-3b46
In base 6, what is 15052140 - -1?
15052141
In base 16, what is -532 + 20?
-512
In base 3, what is 12 + -1001211?
-1001122
In base 6, what is 55121 + -1553?
53124
In base 13, what is 0 + -2607?
-2607
In base 11, what is -41028a4 - 0?
-41028a4
In base 3, what is 10 - 12112000211?
-12112000201
In base 9, what is 3721 + 1270?
5101
In base 5, what is 20432 - -211?
21143
In base 9, what is 5 - 42280?
-42274
In base 11, what is 992 - 23?
96a
In base 8, what is -245525 - -4?
-245521
In base 4, what is 11013132 - -2022?
11021220
In base 9, what is 351 + -2?
348
In base 3, what is 11222101 + 12222?
12012100
In base 14, what is 5 + 6c4?
6c9
In base 13, what is -335 - a?
-342
In base 2, what is 1 - 1110001101000001010?
-1110001101000001001
In base 2, what is -111110110100 + 1111?
-111110100101
In base 7, what is -5 + -11335?
-11343
In base 6, what is 21540414 - -3?
21540421
In base 3, what is 112 - 1121110?
-1120221
In base 9, what is 51871 + 37?
52018
In base 11, what is 17 - 253a?
-2523
In base 10, what is 104 + -1773?
-1669
In base 11, what is -12 + -21607?
-21619
In base 6, what is 3 + -2550541?
-2550534
In base 2, what is 101 - -101100000000000111?
101100000000001100
In base 6, what is 304240 + 44?
304324
In base 3, what is 101102 + -201?
100201
In base 13, what is -3a3 + 430?
5a
In base 16, what is -9 - -b19?
b10
In base 12, what is 163 - -486?
629
In base 11, what is -60aa + -9a?
-6199
In base 16, what